481
List the prime factors of 2965099728.
2, 3, 71, 103, 8447
List the prime factors of 35951648.
2, 19, 29, 2039
What are the prime factors of 304230211?
107, 2843273
What are the prime factors of 180547043?
180547043
What are the prime factors of 840766795?
5, 11, 647, 23627
What are the prime factors of 260792514?
2, 3, 71, 251, 271
What are the prime factors of 3507172214?
2, 7, 13, 19270177
What are the prime factors of 517332345?
3, 5, 619, 55717
List the prime factors of 55605614.
2, 197, 141131
List the prime factors of 32568196.
2, 8142049
What are the prime factors of 182407403?
182407403
What are the prime factors of 1314589?
103, 12763
What are the prime factors of 22719933?
3, 179, 1567
What are the prime factors of 809262136?
2, 19, 617, 8629
List the prime factors of 717642549.
3, 13, 2017, 3041
What are the prime factors of 3572571974?
2, 491, 3638057
What are the prime factors of 1643289819?
3, 17, 31, 33529
What are the prime factors of 76694498?
2, 53, 67, 10799
List the prime factors of 153678252.
2, 3, 7, 13, 140731
What are the prime factors of 508791785?
5, 19, 53, 101051
What are the prime factors of 110310101?
11, 443, 22637
What are the prime factors of 282444590?
2, 5, 1097, 25747
What are the prime factors of 6028423876?
2, 401, 3758369
List the prime factors of 39140940.
2, 3, 5, 23, 113, 251
What are the prime factors of 11842848?
2, 3, 1523
List the prime factors of 235430381.
29, 279941
What are the prime factors of 1134909657?
3, 7, 6004813
List the prime factors of 61726926.
2, 3, 10287821
What are the prime factors of 26131384?
2, 19, 171917
List the prime factors of 138051542.
2, 29, 2380199
List the prime factors of 5165058352.
2, 73, 4422139
What are the prime factors of 8323095?
3, 5, 11, 73, 691
What are the prime factors of 44660692?
2, 797, 14009
List the prime factors of 15577731.
3, 13, 44381
List the prime factors of 99779370.
2, 3, 5, 79, 42101
List the prime factors of 149971165.
5, 29994233
What are the prime factors of 19512390?
2, 3, 5, 650413
What are the prime factors of 43574667?
3, 89, 293, 557
What are the prime factors of 14962436?
2, 3740609
What are the prime factors of 101616826?
2, 19, 43, 62189
List the prime factors of 3333117121.
17, 367, 487, 1097
What are the prime factors of 1982192983?
1982192983
List the prime factors of 457904806.
2, 228952403
List the prime factors of 1476338115.
3, 5, 7, 14060363
What are the prime factors of 12359968?
2, 386249
What are the prime factors of 32800874?
2, 373, 43969
What are the prime factors of 51912867?
3, 17304289
What are the prime factors of 58628380?
2, 5, 23, 127453
List the prime factors of 509505171.
3, 7, 773, 31387
List the prime factors of 3042686089.
151, 1231, 16369
What are the prime factors of 35804127?
3, 2213, 5393
What are the prime factors of 45645882?
2, 3, 241, 31567
List the prime factors of 1715130100.
2, 5, 17151301
List the prime factors of 101535097.
101535097
What are the prime factors of 39000281?
39000281
List the prime factors of 72485102.
2, 36242551
What are the prime factors of 159362627?
29, 5495263
What are the prime factors of 109341161?
17, 6431833
What are the prime factors of 244894219?
3889, 62971
List the prime factors of 2319247820.
2, 5, 41, 2828351
List the prime factors of 507941073.
3, 56437897
List the prime factors of 52253827.
367, 142381
What are the prime factors of 213330445?
5, 2083, 20483
List the prime factors of 5014815788.
2, 17, 3041, 24251
List the prime factors of 360193165.
5, 19, 431, 463
List the prime factors of 2365213082.
2, 1182606541
List the prime factors of 4371129.
3, 7, 69383
List the prime factors of 218566882.
2, 211, 517931
What are the prime factors of 159369981?
3, 53123327
What are the prime factors of 120324257?
53, 2270269
List the prime factors of 4083413417.
4083413417
What are the prime factors of 1130460499?
7, 19, 8499703
List the prime factors of 105845649.
3, 7, 13, 109, 3557
What are the prime factors of 192355494?
2, 3, 557, 57557
List the prime factors of 587388765.
3, 5, 29, 1350319
List the prime factors of 1711230712.
2, 213903839
List the prime factors of 72119131.
7, 1471819
List the prime factors of 4871767966.
2, 13, 187375691
List the prime factors of 892397177.
7, 4583, 27817
What are the prime factors of 65842438?
2, 32921219
List the prime factors of 101506966.
2, 11, 17, 271409
What are the prime factors of 4761266813?
4761266813
What are the prime factors of 32004085?
5, 79, 81023
List the prime factors of 206827026.
2, 3, 7, 4924453
List the prime factors of 2676736806.
2, 3, 37, 3407, 3539
What are the prime factors of 18679707?
3, 691841
What are the prime factors of 139426688?
2, 89, 12239
List the prime factors of 28269288.
2, 3, 392629
What are the prime factors of 31084984?
2, 7, 29, 19141
What are the prime factors of 24431947?
24431947
List the prime factors of 7589373206.
2, 17, 10639, 20981
What are the prime factors of 92999495?
5, 18599899
List the prime factors of 1211898684.
2, 3, 100991557
What are the prime factors of 674445608?
2, 84305701
What are the prime factors of 427337013?
3, 37, 139, 27697
List the prime factors of 1468144433.
7, 2677, 78347
What are the prime factors of 832556992?
2, 13008703
What are the prime factors of 34117081?
31, 463, 2377
What are the prime factors of 67841584?
2, 113, 157, 239
What are the prime factors of 92509003?
89, 1039427
List the prime factors of 188046090.
2, 3, 5, 41, 16987
What are the prime factors of 3719517634?
2, 7, 19, 23, 53, 11471
List the prime factors of 58334886.
2, 3, 587, 5521
List the prime factors of 134440400.
2, 5, 336101
List the prime factors of 359537819.
17107, 21017
List the prime factors of 34324386.
2, 3, 5720731
What are the prime factors of 86246388?
2, 3, 337, 7109
What are the prime factors of 1044655328?
2, 1427, 22877
List the prime factors of 20850546.
2, 3, 547, 6353
List the prime factors of 13957496.
2, 7, 47, 5303
What are the prime factors of 125622801?
3, 191, 73079
What are the prime factors of 1290456543?
3, 430152181
List the prime factors of 243181074.
2, 3, 40530179
List the prime factors of 1586251532.
2, 67, 173, 34213
List the prime factors of 502082384.
2, 1303, 24083
What are the prime factors of 2529834449?
613, 1367, 3019
List the prime factors of 212947514.
2, 13, 811, 10099
List the prime factors of 151596872.
2, 7, 2707087
List the prime factors of 2166497722.
2, 29, 2089, 17881
What are the prime factors of 2460023152?
2, 153751447
What are the prime factors of 23684838?
2, 3, 3947473
List the prime factors of 1140152183.
1140152183
What are the prime factors of 246687297?
3, 163, 504473
What are the prime factors of 6108904800?
2, 3, 5, 97, 8747
What are the prime factors of 1150240615?
5, 233, 373, 2647
List the prime factors of 144567616.
2, 1061, 2129
List the prime factors of 2331772903.
2331772903
List the prime factors of 11671724.
2, 17, 37, 4639
What are the prime factors of 7717998896?
2, 3607, 133733
What are the prime factors of 98630855?
5, 17, 1160363
List the prime factors of 1030357390.
2, 5, 103035739
What are the prime factors of 268288463?
4201, 63863
List the prime factors of 2102899935.
3, 5, 8663, 16183
What are the prime factors of 698635366?
2, 11, 13, 17, 13063
List the prime factors of 10622887.
11, 73, 13229
List the prime factors of 319818800.
2, 5, 7, 114221
What are the prime factors of 14986559?
7, 2140937
List the prime factors of 244547718.
2, 3, 719, 56687
List the prime factors of 18895387.
7, 2699341
What are the prime factors of 11664477?
3, 11, 59, 1997
What are the prime factors of 110790326?
2, 17, 3258539
List the prime factors of 51359495.
5, 11, 933809
List the prime factors of 65922610.
2, 5, 13, 349, 1453
List the prime factors of 58584541.
577, 101533
What are the prime factors of 1202832588?
2, 3, 557, 179957
List the prime factors of 52743980.
2, 5, 2637199
List the prime factors of 66262208.
2, 227, 4561
What are the prime factors of 53003897?
139, 381323
List the prime factors of 1224970459.
1224970459
What are the prime factors of 2703470193?
3, 677, 443701
List the prime factors of 83217428.
2, 7, 509, 5839
What are the prime factors of 121366700?
2, 5, 7, 13, 13337
What 